True
Let a(p) = 9*p**2 + 164*p - 2896. Is a(37) prime?
True
Suppose 4309695 = 12*q + 3*v, -9*v + 1436600 = 4*q - 13*v. Is q composite?
False
Suppose -x = -4*x - 3*c + 12, -10 = -4*x - c. Suppose x*r = z + 6, 6 = -z + 4*r - 0. Is (199/(-6) + -4)*z a composite number?
False
Let j = -20 - -24. Suppose -10*s = -j*s + 138. Let l = 282 + s. Is l prime?
False
Let z = 91569 + -23572. Is z composite?
True
Let w = -260014 - -1230861. Is w prime?
True
Is ((-17357)/(-3))/(-9 - 168/(-18)) composite?
True
Let f(z) = 642*z**3 + 15*z**2 - 5*z + 2. Let g be f(4). Suppose -3675 = -3*t + g. Is t a composite number?
True
Let y(g) = 7*g + 96. Let n be y(-18). Is (404/(-12))/(2/n) prime?
False
Let q(f) = 3*f**2 - 27*f - 14. Let d be q(10). Is 16/d*(5 - -11354) a prime number?
False
Suppose 4*c = -5*r + 59848, 16*c - 2*r - 44886 = 13*c. Suppose 0*d + 2*s = -2*d + 29936, c = d + 3*s. Is d prime?
False
Let t be (-8)/(-28) - 3861/(-42)*-38. Suppose 3*z - 2*i + 0*i = -7260, 0 = z + 5*i + 2420. Let v = z - t. Is v a composite number?
True
Suppose 5*l - 2680*h + 2683*h - 2476865 = 0, 4*h = -4*l + 1981492. Is l composite?
True
Let v(z) = z**3 + 36*z**2 + 18*z - 9. Is v(-10) a composite number?
False
Let n be (2098/4)/((-5)/(-90)). Suppose 3*y - n = 2*b, y + 5*b = 4292 - 1162. Suppose -6*m + y = -m. Is m a prime number?
False
Suppose 5*u - 25 = 65. Suppose -2*h = -3*j - 5*h - 6, 2*h = 5*j - u. Suppose -5*c + j*d + 3383 = -11252, 5*c + 4*d = 14635. Is c a composite number?
False
Let i = 479 + -442. Suppose 400072 = i*z - 149415. Is z a composite number?
False
Suppose 2*y = w + 166975, -2*y + 4*w + 166968 = 2*w. Is y a prime number?
False
Suppose -18 = 3*m, -5*j = 5*m + 69507 - 486832. Is j a prime number?
True
Suppose -6*p + 3*p = -186. Let d = p + -58. Suppose 0 = 4*t - d*c + 965 - 4533, -4*c - 20 = 0. Is t composite?
False
Is (-1625)/(-975)*21737*3 a composite number?
True
Let h(g) = g**2 - 3*g - 2. Let a be h(4). Suppose -8784 = -a*b - 1870. Is b a composite number?
False
Suppose 2*z - 14*z + 94560 = 0. Suppose -5 = -5*a, 5*h = h - 4*a + z. Is h composite?
True
Suppose 4*o = -2*k + 695394, -k + 6*k = 3*o - 521513. Is o prime?
False
Suppose 4*n - 5*w - 1288 = 1375, 0 = -4*n - 5*w + 2713. Let s = n + -403. Is s a prime number?
True
Suppose 65 = -11*o - 23. Is (-1 - 21)/(o/908) composite?
True
Suppose -3*r - 6230 = -5*k, k - 2*r - 1239 = -0*k. Is k composite?
False
Let a = 17 - 15. Suppose -23 = a*m + 4*l - 57, 5*m - l = 30. Suppose -4*w + 278 = 2*p, m*w - 290 = 3*w + 2*p. Is w a prime number?
True
Let c be -3 - (26/(-4) + (-3)/(-6)). Suppose -2*i = c*m - 4 + 12, 5*i = m - 20. Suppose m = l - 31 - 28. Is l a composite number?
False
Suppose a + 0*o - 1319309 = -3*o, 2*o = -5*a + 6596597. Is a composite?
False
Suppose -6*d - 141 = 41*d. Is 2/d - (1330416/(-27))/16 a composite number?
False
Let h = -83613 + 126423. Suppose a - 42804 = -5*z, -7*z - h = -12*z + 5*a. Is z prime?
False
Let d = 1095 - -296. Suppose -q = k + 2*q - d, -5*k + q + 6955 = 0. Is k a composite number?
True
Let q(x) = x**3 + 124*x**2 + 37*x - 75. Is q(-37) prime?
True
Let m be (1*64)/((-14)/(-21)). Let a = m + -96. Suppose a = -g - 3, 133 = 2*s - g - 580. Is s a composite number?
True
Suppose 3*d + 0*d + 5*a = -11, -d - 5 = 2*a. Suppose 3*m = -5*f - 8777, d*f - 5*m + 1761 = 2*f. Is (4/16*-2)/(2/f) a composite number?
False
Let d(y) = 128237*y**2 + 306*y + 306. Is d(-1) a prime number?
True
Suppose 1536895 = 17*g + 136061. Is g composite?
True
Suppose 3*y = 8*y - 560. Suppose 5*d = -m + 114, -4*d - y + 488 = 4*m. Suppose -5*r + 346 + m = 0. Is r prime?
False
Let b(n) = n**3 + 24*n**2 + 21*n - 34. Suppose 2*f + 4*u = 2*u - 30, 18 = -f + 2*u. Is b(f) prime?
False
Let h(k) = 2*k**2 + k + 1. Let x be h(0). Let d be (0 - x)*48/(-12). Is -2 - (0 + -13804)/d prime?
True
Let c(k) = 6*k - 8. Let f be c(-2). Let p be 3952/5 - (-8)/f. Suppose -p = 3*x - 5*x. Is x a prime number?
False
Let r(o) = 195*o**3 + 7*o**2 + 10*o - 101. Is r(5) a composite number?
False
Let n = -6105 + 13448. Is n prime?
False
Is (2/2)/((-35)/(-2600395)) composite?
False
Let q be 2888/(-17) + (-15)/(510/4). Let l = 81 - q. Is l composite?
False
Let u(j) = 2*j**2 - 24*j + 23. Let i be u(12). Suppose 29 - i = 2*k. Suppose -x + 5*x - 146 = 3*z, 0 = k*x - 3*z - 111. Is x prime?
False
Suppose -5*d - 977085 = -2*l, -3*l - 55*d + 1465645 = -59*d. Is l prime?
False
Let w(c) = -106*c + 4. Let g be w(1). Let l = g + 172. Suppose -2*o - 4*j = -l, 0 = 4*o - 3*j - 63 - 88. Is o prime?
True
Suppose 3018549 + 2961767 = 332*a. Is a composite?
False
Suppose -3*a - 133 = -5*y - 23, 5*a = -4*y + 51. Suppose 3*v - 5*w - 19278 = 0, -5*v + y*w - 15*w + 32143 = 0. Is v prime?
False
Let v(j) = 32*j - 31. Let i(c) = c - 1. Let y(q) = 4*q - 3. Let f(h) = 3*i(h) - y(h). Let x(d) = -3*f(d) - v(d). Is x(-12) prime?
True
Is (244 - 243)*(-2 - (-166150 - (1 - 2))) prime?
True
Suppose -f - 2 + 3 = 2*n, -11 = -3*f - 4*n. Let d be ((-1)/2)/(4/8) + f. Let k(r) = 3*r**2 + r + 13. Is k(d) prime?
False
Let g(k) = -444255*k - 46. Is g(-1) a composite number?
False
Let t(l) = -1055*l + 114. Let a be t(-5). Let x = 45848 - a. Is x composite?
False
Is 6 - 2141979/(-14) - (-7)/(-2) composite?
False
Let g(m) = m**3 + 10*m**2 - 15*m - 29. Let t be g(16). Let j = 1516 + t. Is j a prime number?
False
Suppose 5*s = 5*h + 35, 5*s - h - 32 = h. Suppose -14 = s*z - 2. Is 923 + z*(4 - 2) composite?
False
Suppose 2*d - 3*d + 1823 = 0. Let a = -5630 + 4502. Let t = a + d. Is t composite?
True
Let d(z) = -z**2 - 7*z - 6. Let b be d(-6). Let g(q) = -q**3 + 3*q + 254. Is g(b) prime?
False
Let q(m) = 3*m + 9 + 554*m**3 - 537*m**3 - 4*m**2 + 0*m**2. Let c be q(-4). Let x = c + 1712. Is x composite?
False
Suppose 0 = -10*b - 11*b + 113589. Let h = -3392 + b. Is h prime?
True
Is -21 + -12 + 21 + 1278203 + 0 prime?
True
Let c(x) = -108443*x + 1948. Is c(-5) a composite number?
True
Suppose 68*v - 1806737 - 462627 = 0. Is v a composite number?
True
Suppose -5*o = 6*f - 3*f - 2204, -f = -3*o - 758. Suppose 0 = 22*t - 467 - f. Is t a prime number?
False
Let h = -2582 + 3769. Is h a composite number?
False
Suppose 80*g - 4058083 - 3900877 = 0. Is g composite?
False
Let y = 98 + -110. Let o(t) = -2*t**2 - 51*t - 1. Is o(y) a composite number?
True
Let s(b) be the third derivative of -557*b**6/120 - b**5/60 - b**4/8 - b**3/3 - 7*b**2 + 9*b. Let k be 1/(4 + -2 + -3). Is s(k) composite?
False
Let a = 148481 + -66264. Is a a prime number?
True
Let a(n) = 3*n**2 + 6 + 0*n - 3*n + 2 - n. Let t(g) = g - 1. Let v(p) = a(p) + 3*t(p). Is v(16) composite?
False
Let f be -1*((0 - -6) + -3). Let w(p) be the third derivative of 83*p**5/30 + 3*p**4/8 + 2*p**3/3 + 309*p**2. Is w(f) composite?
False
Suppose 273 = 5*s - 577. Let y = 1371 + s. Is y a composite number?
True
Suppose -27253740 + 7205325 = -15*h. Is h prime?
True
Suppose 3*y - 4*h = 537253, 0 = -2091*y + 2092*y + h - 179082. Is y a composite number?
False
Let q = 161246 + -84913. Is q prime?
True
Let n(w) = 20884*w - 105. Is n(4) a composite number?
False
Is 1698608/16*3*1/3 composite?
False
Suppose 0 = -2*a - 2*p + 39308 + 41126, 40217 = a + 6*p. Is a a prime number?
False
Let d be 2*-1 + -2 + 4985. Let c be -9 + 8 + (10 - 6). Suppose -c*v - 5*s = -3009, -3*v + 3*s + d = 2*v. Is v prime?
False
Suppose -11*j = 10*j + 55062. Is (14/(-21))/(4/j) prime?
False
Let z = 43167 + 648620. Is z a prime number?
True
Let g = -13766 - -30555. Suppose -4*i + 2*i + 33572 = -2*b, i = -2*b + g. Is i prime?
True
Suppose -1934 - 550 = j. Let b = -234 - 3455. Let t = j - b. Is t a composite number?
True
Let h = 396 + -155. Suppose c - 1250 = y, -2*c - 3*y = -3*c + 1234. Suppose -h = -3*j - w + c, w = 2. Is j a prime number?
True
Let p be 4874 + 37 + 1*-6. Suppose 5*c = 5*i + 5435, 4*c + 557 - p = -i. Is c composite?
False
Let g = -1292 + 1847. Let z = g + -356. Is z a prime number?
True
Let k(i) = 109*i**3 + 10*i**2 - 12*i + 7. Let n be k(6). Suppose 3161 = 10*o - n. Suppose o = 10*a - 11530. Is a a composite number?
False
Suppose -2*x = 3 - 3. Suppose -3*t = -9, -3*t + 6*t = -3*y + 15408. Suppose -5*d = -3*k + y, x = -4*k - 3*d - 0*d + 6844. Is k composite?
True
Is (12/(-20))/((30/(-2739175))/2) a composite number?
False
Let a be (-4)/(((-9)/(-7992))/((-1)/2)). Suppose -w + a = -4*